 -h**6/24 + h**3/6 - 12*h**2. Determine g(1).
-4
Let o(d) be the first derivative of -3*d - 4 + 2 + d**2 + 0*d + 8*d. Determine o(-4).
-3
Suppose 2*x + 4*a = 4*x + 4, 3 = -x + a. Let q(n) be the second derivative of n**4/24 - n**3/6 - n**2 - n. Let k(w) be the first derivative of q(w). Give k(x).
-5
Let p(t) = -t**3 + 4*t**2 - t - 3. Let r be (-2)/((-6)/9) - -1. What is p(r)?
-7
Let u(b) = -b**3 - 10*b**2 - b - 13. Let q be u(-10). Let o(c) = c**2 - c + 1. Determine o(q).
13
Let p(k) = -k**2 - 7*k - 5. Suppose -3*d = -14 - 1. Suppose -m + d*f + 4 = 0, 3*m + 29 - 5 = -3*f. Let v be (-1)/(3/m)*-2. Determine p(v).
7
Let l = 32 + -20. Let b = l - 18. Let x be 2 - (-5)/(5/b). Let v(g) = -g**3 - 5*g**2 - 6*g - 2. Determine v(x).
6
Let q(d) be the third derivative of d**4/24 + 26*d**2. What is q(-4)?
-4
Let x(f) = -5*f**3 + 2*f**2 - 1. Suppose 13 = -2*o - 5*a, 0*a - 4*a - 12 = 0. Calculate x(o).
-4
Suppose 5*p - 2 = -5*w + 3, 3*w = 4*p + 10. Let k(t) = 5*t**3 + t**2 - 1. Calculate k(p).
-5
Let f(o) = -o**2 - o - 4. Let b = 12 - 12. Calculate f(b).
-4
Let u(x) = -7 + x + 0*x + 0*x - 3 + x**2. What is u(0)?
-10
Let z = -5 + 8. Let g(d) = 0*d**2 - 2*d + 3*d**2 + d**z + 6 - 3. Let p = -20 + 17. Give g(p).
9
Let f(h) = -h**3 - 3*h**2 - h + 3. Let c be f(-3). Suppose -2*q + 2*n = -c, -5*q + n + 0*n = -15. Let u(d) = d**3 - d**2 - 3*d - 4. Determine u(q).
5
Let g = -4 - -10. Let k(x) = 3*x**3 - 7*x**2 - 4*x + 6. Let m(z) = z**3 - z**2 + z - 1. Let q(o) = -k(o) + 2*m(o). Determine q(g).
-8
Let j(z) = -z**2 + 7*z - 1. Let x = 15 + -7. Let f be (-6)/x*(-4 + -4). What is j(f)?
5
Let l(v) = -v - 3. Suppose p = 4*p. Let u be (p - 0)*(-3)/(-9). Suppose 4*g = -u*g + 12. What is l(g)?
-6
Let d = 56 + -53. Let a(o) = 0 - 3*o + 6 + 2*o. Give a(d).
3
Suppose m + 15 = 6*m. Let a(d) = d**2 - d - 2. Let g be a(-3). Suppose g = x - m*x. Let p(k) = k**2 + 5*k - 6. Calculate p(x).
-6
Let q(t) = 20*t + 23*t - 39*t - t**2 - 4. Suppose 0 = -3*g + b + 9, -6*g + 3*g + 4*b = 0. Determine q(g).
-4
Let h be 4/3*(-9)/6. Let p(v) = 10*v**3 - 16*v - 3. Let f(a) = -3*a**3 + 5*a + 1. Let n(x) = -7*f(x) - 2*p(x). Give n(h).
-3
Suppose 1 = 4*d - 7. Let y(v) = -2*v - 5*v**d - 3*v + 6*v. Let i(p) = -p**2 - 4*p + 6. Let s be i(-5). What is y(s)?
-4
Let p be 4/(-5)*(-30)/4. Let z = 7 - p. Let u(i) = -i - z - 1 + 3 + 0*i. Calculate u(-5).
6
Let i(y) = -y**3 + 11*y**2 - 4*y + 2. Let o(f) = -f**3 + 11*f**2 - 5*f + 2. Let h(b) = -5*i(b) + 4*o(b). What is h(11)?
-2
Let f be -1 - (2/(-2))/(-2)*-10. Let h(s) = -2*s + 2. What is h(f)?
-6
Let t(w) be the first derivative of -w**4/4 - 3*w**3 - 7*w**2/2 + 10*w + 43. Give t(-8).
2
Let t(n) = -4*n**3 - 12*n**2 + 6*n - 25. Let j(l) = -2*l + 3*l**3 + 4 + l**3 + 4 + 4*l**2 - 3*l**3. Let h(s) = 7*j(s) + 2*t(s). Calculate h(4).
-2
Let z(g) = 2*g**2 + g - 11. Let t(p) = p**2 - 5. Let u be (-33)/(-6) - 1/2. Let q(o) = u*t(o) - 2*z(o). Calculate q(3).
0
Let s(j) = -j**2 - 6*j - 2. Let q be -3 - (1 - (-6)/3). Calculate s(q).
-2
Let r(m) = m**2 - 7*m + 3. Let j(o) = 14*o + 3. Let q be j(3). Suppose -4*n + n = q. Let g = -9 - n. Calculate r(g).
-3
Let o(d) be the second derivative of -d**5/20 - d**4/3 - 2*d**3/3 + d**2/2 + 2*d. Let s(m) = -4*m**2 + 1. Let f be s(-1). What is o(f)?
4
Let r(g) = -2*g**2 + 8*g - 3. Let u(l) = -2*l**3 - 5*l**2 - 3*l + 4. Let h be u(-2). Calculate r(h).
-27
Let k(s) = -s - 10*s**2 - 10*s**2 - s**3 - 11*s**2 - 2 + 34*s**2. Calculate k(2).
0
Let q(a) = -5 + a + 0 + 0. Determine q(8).
3
Let p(v) = v**3 + 8*v**2 + 7*v - 4. Let b be p(-7). Let l = -3 - b. Let n(g) be the third derivative of 7*g**5/60 - g**4/24 - 5*g**2. What is n(l)?
6
Suppose 4*n = 3*g - 2, 3*g + 4*n + 49 = 11. Let v(b) = b**3 + 5*b**2 - 8*b - 9. Determine v(g).
3
Let v = 5 - 10. Let s = v + 4. Let n(q) = -6*q**2 + 5*q + 4. Let f(r) = -r - 1. Let u(i) = -3*f(i) - n(i). Calculate u(s).
7
Let b be 2/(-6)*3/(-6). Let a(x) be the second derivative of -1/20*x**5 + 0 + 3*x + 0*x**4 - 1/2*x**2 + b*x**3. Give a(2).
-7
Let k(x) be the first derivative of x**2/2 - 11. What is k(5)?
5
Let a(p) = p**2 + 6*p + 2. Let b be a(-6). Suppose -v - b*v = -9. Let f(o) = 2 - 5*o**2 + o**3 - 7 + v*o + 2. Give f(4).
-7
Let j(t) be the second derivative of t**4/12 + 7*t**3/6 + 2*t**2 + 5*t. Calculate j(-7).
4
Let u(q) = q + 5. Let f = 56 + -62. Determine u(f).
-1
Suppose 0 = -y - 5*p - 1, -4 - 3 = -y - p. Suppose -3*o - y + 3 = 0. Let c(z) be the first derivative of -z**3/3 - 2*z**2 - 2*z + 1. What is c(o)?
2
Let c be 6/(-3) + 3 + 2. Let v(s) = s**2 - 2*s - 2. Let k be v(c). Let r(o) = o - 2*o + 4 - 3 + 7*o**2. What is r(k)?
7
Let j(r) be the third derivative of -1/6*r**3 - 1/8*r**4 + 0 + r**2 + 0*r. Suppose -2*f = 2*g + 4, 0 = -3*f + f + g + 5. Determine j(f).
-4
Suppose 4*p - 10 = 2*k + 2*p, 0 = k - 5*p - 3. Let t(h) = 2*h + 9. Calculate t(k).
-5
Suppose t - 4*m = -0*m, -t - 2*m + 6 = 0. Suppose -5*r - 10 = 4*v, t*v = -6 - 14. Let i(h) = -2*h - 2. Calculate i(r).
-6
Suppose 0 = t + 5*a + 16, 2*t = 4*t + 5*a + 22. Let o(x) be the third derivative of -x**4/24 - x**3/6 + 24*x**2. Calculate o(t).
5
Let m(o) be the second derivative of -o**3 - o. Suppose 5*v = -5, c = -c - 2*v + 2. Let r be (-6)/(-12)*c/1. What is m(r)?
-6
Let n(c) = 2*c**2 - 2*c - 1. Let b(f) = f**2 - 10*f + 11. Let p be b(9). Determine n(p).
3
Let o be (-2)/4 - (-99)/(-22). Let l(z) be the first derivative of 1/3*z**3 + 0*z + 3 + 3*z**2. Calculate l(o).
-5
Let l(m) = m**3 - m**2 - m + 1. Let x(c) = 4*c**3 - c**2 - 6*c. Let y(f) = 3*l(f) - x(f). Calculate y(-2).
-3
Let h(a) = a**2 - 2*a. Let u(k) = 1 - 3 - 5 - 2*k. Let p be u(-5). Calculate h(p).
3
Suppose l - 4*g + 0 + 3 = 0, 0 = l + g + 3. Let k(c) = -c**3 - 3*c**2 + c + 2. Calculate k(l).
-1
Let f = 2 + -1. Suppose -4*i + 5*i + f = 0. Let c(l) = 2 + 0*l**2 + 2*l + l**2 - 1 - 9*l**3. Determine c(i).
9
Let m = -1 - -3. Let o(d) = d. Let u(x) be the second derivative of 5*x**3/6 + 2*x**2 - 6*x. Let s(n) = 6*o(n) - u(n). Determine s(m).
-2
Let v(d) = -d**2 - 3*d - 1. Let t = 12 - 18. Let m(x) = -2*x - 4. Let i be m(-3). Let w = t + i. Give v(w).
-5
Let u(s) = -3*s**2 + 5*s - 7. Let i(g) = 2*g**2 - 5*g + 6. Let p(h) = 4*i(h) + 3*u(h). Let l(q) = 1. Let b(j) = -5*l(j) + p(j). Calculate b(-5).
-2
Suppose -2*p = 2*p - 8. Let z(f) = f**3 - 3*f**2 + 3*f - 1. Calculate z(p).
1
Let a(z) = -z. Suppose -4*u + 10 + 6 = 2*g, 2*u - 2*g - 20 = 0. Suppose 40 = 4*w + 4. Suppose u*p = 3*p + w. Determine a(p).
-3
Let n(u) = 5*u**2 - 4*u - 6*u**2 - u. Let w(s) = -s**3 + 2*s**2 - 2*s. Let y be w(2). Calculate n(y).
4
Let w(u) = u**3 - 2*u**2 + 2*u + 1. Suppose -2 = -3*x - 11. Suppose 2*l + 4 - 2 = 0. Let f = l - x. Determine w(f).
5
Let q(r) = -r**3 + 2*r**2 + 7*r - 5. Let w = 31 + -27. Determine q(w).
-9
Suppose 0 = 2*j + 4*k + 14, -3*j - 2*k - 3*k - 23 = 0. Let v = 4 + j. Let p = v - -4. Let x(b) = -b**2 - 2*b. Determine x(p).
-3
Suppose -3*t + 9 + 3 = 2*f, 2*f = 3*t + 36. Let p = 17 - f. Let g(w) = w**3 - 6*w**2 + 5*w - 4. Calculate g(p).
-4
Let j(t) = -4*t**3 + 0*t**3 - 3*t**2 + t + 2*t**2. Suppose g = 3, 3*g + 1 = 4*q + 2*g. Calculate j(q).
-4
Let o(h) = -3*h + 1 - 3*h + 4*h. Let x(d) = -d**3 - 9*d**2 - d - 6. Let b be x(-9). What is o(b)?
-5
Suppose -4*s - 5 = 7. Let l(t) = -2*t + 3. Let j(n) = 3*n - 4. Let k(r) = s*j(r) - 4*l(r). Determine k(1).
-1
Let w(o) = -o**2 + 5*o + 5. Let k be (-35)/(-7) + (-1 - 1). Suppose -k*a + 20 = 2. Give w(a).
-1
Let t(f) = -20*f**3 - 29*f**2 - 12*f - 9. Let v(w) = -7*w**3 - 10*w**2 - 4*w - 3. Let m(u) = -6*t(u) + 17*v(u). Calculate m(-2).
3
Let z be 15/(2 - 5/4). Suppose -4*g = -8*g - z. Let a(u) = -6*u + 20. Let x(o) = -o + 4. Let j(q) = -3*a(q) + 16*x(q). Calculate j(g).
-6
Suppose 3*g + 3*t + 7 = 1, -t = 0. Let r = g - -2. Let n(z) = -2*z**3 + 2*z + 7. Let o(l) = -3*l**3 + 3*l + 15. Let s(i) = 5*n(i) - 3*o(i). Calculate s(r).
-10
Let s(d) be the third derivative of -d**4/24 + 4*d**3/3 + 40*d**2. What is s(9)?
-1
Let k(w) = 7*w**2 - 3*w - 4. Let m(t) = -20*t**2 + 9*t + 11. Let n(q) = 17*k(q) + 6*m(q). Calculate n(4).
-6
Let l(d) = d**2. Let t(y) = 4*y**2 - 3*y - 5. Let j(s) = -3*l(s) + t(s). Suppose -2 = -6*p + 22. What is j(p)?
-1
Suppose 0 = -p - 8 - 7. Let k = 13 + p. Let g(m) = -2*m + 2. Calculate g(k).
6
Let q(c) = -2*c**3 + 2*c**2 + c + 1. Let i = -5 - -5